 Give o(52).
2
Let g(m) = -6234*m + 34753. What is g(6)?
-2651
Let h(y) = 4222*y + 215. Calculate h(0).
215
Let d(k) = -4*k**2 + 447*k - 2935. What is d(7)?
-2
Let y(j) = -j**3 + 116*j**2 - 1911*j - 22. What is y(20)?
158
Let z(f) = 5*f**3 + 68*f**2 - f + 374. Determine z(-14).
-4
Let f(p) = 16*p**3 + 3*p**2 - 28*p - 120. What is f(-4)?
-984
Let z(b) = 10*b**3 + b**2 + 146*b - 603. Calculate z(4).
637
Let q(m) = -186546*m + 559651. Give q(3).
13
Let m(n) = -11654*n + 81583. Determine m(7).
5
Let b(x) = -55*x**3 - 296*x**2 - 105*x + 5. Calculate b(-5).
5
Let i(z) = -32219*z + 32613. Determine i(1).
394
Let k(r) = -65*r**3 + 7594*r**2 + 1268*r + 2230. Calculate k(117).
7
Let v(x) = -741673*x - 11125079. Calculate v(-15).
16
Let y(a) = 257*a**2 - 3920*a + 3913. What is y(1)?
250
Let z(w) = -146231*w + 877300. Determine z(6).
-86
Let p(a) = a**3 - 22*a**2 + 64*a - 4. Determine p(8).
-388
Let p(d) = -200197*d - 8. Give p(0).
-8
Let v(f) = 3*f**3 - 148*f**2 + 23*f + 11. What is v(0)?
11
Let q(h) = 251*h - 31728. Calculate q(132).
1404
Let r(o) = -o**3 + 28*o**2 - 38*o + 368. What is r(26)?
732
Let j(l) = 5008*l + 1011570. Determine j(-202).
-46
Let c(f) = -19889*f - 79567. What is c(-4)?
-11
Let g(l) = 2*l**2 - 12529*l + 125106. Give g(10).
16
Let m(p) = 3*p**3 + 8*p**2 + 47*p + 408. Determine m(-7).
-558
Let a(l) = 536*l**2 - 17708*l + 202. Determine a(33).
-458
Let i(s) = -4*s**2 - 34129*s + 1716446. Give i(50).
-4
Let s(k) = -6*k**3 + 3*k**2 + 15. Calculate s(-4).
447
Let u(g) = -4533*g + 566640. Calculate u(125).
15
Let g(t) = 8*t**2 - 5161*t + 46419. Determine g(636).
-9
Let j(f) = 3*f**2 + 547*f + 25675. Give j(-82).
993
Let x(z) = -120*z**2 + 554*z - 2801. Determine x(5).
-3031
Let z(d) = -242*d**2 - 930*d - 617. Calculate z(-3).
-5
Let o(k) = -k**3 - 49*k**2 + 711*k - 582. Give o(11).
-21
Let o(w) = -525*w - 16091. What is o(-31)?
184
Let j(a) = 3*a**2 - 1307*a + 2603. What is j(2)?
1
Let h(r) = 2*r**3 - 345*r**2 + 860*r - 1589. Determine h(170).
111
Let s(x) = -x**3 - 4*x**2 - 747*x - 3697. Calculate s(-5).
63
Let n(i) = i**3 + 13*i**2 - 49041*i - 929624. Give n(-19).
-11
Let v(g) = g**3 + 47*g**2 + 185*g + 192. Give v(-43).
-367
Let y(i) = 29*i**2 - 434*i + 971. Determine y(12).
-61
Let f(x) = 3*x**3 + 347*x**2 - 236*x - 13374. What is f(-116)?
546
Let t(n) = 14*n**2 - 113*n + 100. What is t(7)?
-5
Let g(t) = -t**3 - 1022*t**2 - 3146*t - 90688. Determine g(-1019).
3
Let q(a) = 2*a**3 + 4*a**2 - 5*a - 60. What is q(-4)?
-104
Let k(o) = -o**3 + 261*o**2 - 2266*o - 499. Calculate k(252).
5
Let f(y) = -2*y**3 - 26*y**2 + 40*y + 692. Determine f(-12).
-76
Let y(j) = 3*j**2 + 3820*j + 1092812. What is y(-434)?
0
Let o(a) = -12*a**2 + 6*a - 171. What is o(0)?
-171
Let b(n) = -3*n**3 - 101*n**2 - 676*n + 1358. Calculate b(-23).
-22
Let b(r) = -1618*r + 195751. What is b(121)?
-27
Let t(o) = -204504*o + 38242244. What is t(187)?
-4
Let m(n) = 5400*n - 10960. Calculate m(2).
-160
Let a(w) = 111245*w + 556242. What is a(-5)?
17
Let j(t) = 26295*t + 262943. Determine j(-10).
-7
Let f(b) = -5*b**2 + 581*b - 9897. Give f(92).
1235
Let t(p) = 7*p**3 + 47*p**2 - 118*p - 129. Give t(3).
129
Let l(a) = -4636*a - 101926. Give l(-22).
66
Let j(i) = -6*i**2 - 254*i - 1060. Calculate j(-38).
-72
Let h(q) = q**3 + 37*q**2 + 234*q + 493. What is h(-27)?
1465
Let j(d) = d**2 - 1875*d + 14969. What is j(8)?
33
Let z(v) = 2207*v + 549538. Calculate z(-249).
-5
Let c(l) = 105934*l - 211851. Determine c(2).
17
Let t(h) = 3515*h + 273910. Calculate t(-78).
-260
Let u(b) = 1235071*b + 42. Calculate u(0).
42
Let j(x) = -511*x - 2155. Determine j(-12).
3977
Let a(v) = -1099*v + 96696. What is a(88)?
-16
Let i(z) = 266006*z - 3458076. Calculate i(13).
2
Let t(l) = 92*l - 10109. Calculate t(110).
11
Let x(u) = 28*u**3 + 365*u**2 - 346*u - 21. Determine x(1).
26
Let l(h) = 448*h + 167654. Give l(-374).
102
Let b(l) = l**2 - 2674*l + 983027. What is b(440)?
67
Let j(m) = m**2 - 3232*m + 16144. Give j(5).
9
Let q(r) = -2*r**3 - 113*r**2 - 238*r + 375. Determine q(-55).
4390
Let p(h) = 1553*h + 45046. Give p(-29).
9
Let y(c) = 24680*c + 25815281. What is y(-1046)?
1
Let q(m) = -m**3 - 2997*m**2 + 653006*m - 411. What is q(204)?
-3
Let i(x) = x**2 + 55*x - 580. Give i(-62).
-146
Let b(s) = 29*s**2 + 6727*s - 20681. Determine b(-235).
-1
Let n(p) = -73*p**2 - 288*p + 1565. What is n(-7)?
4
Let m(s) = -131*s**2 - 53189*s - 1232. Calculate m(-406).
-14
Let r(x) = -15823*x - 142403. Give r(-9).
4
Let j(t) = -373*t - 11868. What is j(-32)?
68
Let f(h) = h**2 + 55740*h + 724477. Determine f(-13).
26
Let b(c) = c**3 + 68*c**2 + 23*c + 1272. What is b(-68)?
-292
Let v(h) = 8*h**2 - 1024*h + 4503. What is v(123)?
-417
Let n(f) = -f**3 - 26*f**2 + 30*f - 191. Give n(-27).
-272
Let t(x) = 164153*x + 11326566. Give t(-69).
9
Let d(u) = -104*u**2 - 2771*u - 4272. Give d(-25).
3
Let w(b) = 169*b**2 - 7120*b + 1408. Determine w(42).
484
Let z(n) = -33245*n + 199443. Give z(6).
-27
Let r(y) = 5*y**3 - 44*y**2 + 16*y - 160. Determine r(9).
65
Let y(f) = 14*f**2 + 3964*f + 12333. Calculate y(-280).
13
Let z(a) = -719*a - 53624. What is z(-74)?
-418
Let u(t) = -t**3 - 86*t**2 - 160*t - 13764. Calculate u(-86).
-4
Let c(z) = -z**3 + 10*z**2 - 7598*z + 37912. What is c(5)?
47
Let p(u) = 67*u + 1313. What is p(-18)?
107
Let n(c) = c**3 + 428*c**2 + 32103*c - 371. Give n(-97).
17
Let y(f) = 470*f - 6216. Give y(17).
1774
Let b(s) = 4321*s**2 + 2795686*s - 660. What is b(-647)?
-13
Let s(q) = 3*q**2 - 10285*q + 153764. Calculate s(15).
164
Let q(j) = 9*j**3 - 3*j**2 + j. Calculate q(-3).
-273
Let h(t) = -31*t**2 + 36086*t + 72176. What is h(-2)?
-120
Let z(u) = 26*u**2 - 327*u + 7. Give z(13).
150
Let h(x) = 23748*x - 118640. What is h(5)?
100
Let h(z) = -z**3 + 30*z**2 - 195*z + 439. Calculate h(22).
21
Let l(c) = 2*c**3 - 52*c**2 + 33*c + 31. Determine l(25).
-394
Let p(s) = -s**3 - 194*s**2 + 5414*s - 5. Determine p(25).
-1530
Let r(y) = 3*y**2 - 5833*y + 23328. Give r(4).
44
Let u(t) = 9*t**2 - 676*t + 2609. Determine u(71).
-18
Let i(p) = 15*p**2 + 827*p + 10458. Determine i(-34).
-320
Let s(y) = -3037*y - 9508. What is s(-3)?
-397
Let j(o) = -19*o**2 + 135*o - 33. What is j(5)?
167
Let w(a) = -a**2 + 274*a + 8156. Give w(-27).
29
Let v(b) = 125097*b + 9757577. Determine v(-78).
11
Let r(x) = -4*x**3 + 100*x**2 - 601*x + 408. Give r(8).
-48
Let r(g) = -116*g**3 - 31*g**2 + 66*g + 2. Calculate r(2).
-918
Let v(b) = -3*b**3 + 219*b**2 - 1025*b + 330. What is v(68)?
-10
Let q(m) = m**3 + 146*m**2 - 749*m - 6. What is q(-151)?
-912
Let y(h) = -25*h**2 + 228*h + 895. Determine y(-4).
-417
Let b(p) = 5*p**3 + 74*p**2 - 6*p + 54. What is b(-15)?
-81
Let o(y) = -y**3 + 125*y**2 - 1845*y + 172. Determine o(17).
19
Let f(n) = -n**2 - 1183*n - 23363. Give f(-20).
-103
Let j(h) = h**2 - 14774*h - 3329101. What is j(-222)?
11
Let l(p) = -2*p**3 + p**2 + 23*p - 2. Give l(-9).
1330
Let y(t) = -72706*t - 4071546. Determine y(-56).
-10
Let k(z) = -14896*z - 148176. Calculate k(-10).
784
Let k(b) = 75821*b**2 + 8340308*b - 237. What is k(-110)?
-17
Let z(d) = -d**2 - 936*d - 25526. What is z(-29)?
777
Let s(f) = -55006*f - 385045. What is s(-7)?
-3
Let u(s) = -2*s**3 - 382*s**2 + 2374*s + 2027. Calculate u(-197).
57
Let d(f) = -4550*f + 20784. Calculate d(5).
-1966
Let a(z) = 984*z - 14755. Give a(15).
5
Let g(z) = -z**3 - 22*z**2 - 96*z - 54. Determine g(-5).
1
Let t(u) = -10*u**3 + 93*u**2 - 71*u + 330. What is t(9)?
-66
Let l(h) = -118*h**2 + 2777*h + 1424. Give l(24).
104
Let q(b) = 3*b**2 - 136*b + 1498. Calculate q(23).
-43
Let m(a) = -2*a**2 + 16689*a + 18668315. Calculate m(-999).
2
Let i(x) = -x**2 - 10*x + 9657. Calculate i(94).
-119
Let c(x) = -17*x**2 - 3338*x - 4489. What is c(-195)?
-4
Let x(i) = 305*i + 2821. Give x(-9).
76
Let n(f) = 2*f**3 - 134*f**2 + 1790*f - 467. What is n(18)?
1
Let s(z) = -561574*z + 2807867. Calculate s(5).
-3
Let u(r) = 160*r**2 + 1620*r + 78. Determine u(-10).
-122
Let f(o) = 450*o + 26995. Calculate f(-60).
-5
Let r(j) = -2*j**2 - 133*j + 1526. Give r(-78).
-268
Let a(m) = 3*m**2 + 686*m + 10528. Determine a(-15).
913
Let c(k) = -291*k**2 + 280*k + 565. Give c(-2).
-1159
Let q(v) = 5*v**3 - 46*v**2 - 1420*v + 266. What is q(22)?
2
Let k(l) = l**3 - 61*l**2 + 478*l + 4